he prime factors of 28932160.
2, 5, 23, 3931
What are the prime factors of 1013204612?
2, 7, 36185879
What are the prime factors of 346542628?
2, 1667, 51971
What are the prime factors of 91246947?
3, 11, 173, 1453
What are the prime factors of 279403468?
2, 59, 1183913
What are the prime factors of 14710826?
2, 13, 19, 97, 307
What are the prime factors of 3290488611?
3, 97, 11307521
List the prime factors of 760125496.
2, 13, 29, 19387
List the prime factors of 2131875501.
3, 7, 83, 179, 6833
List the prime factors of 6028507.
23, 262109
What are the prime factors of 188660410?
2, 5, 37, 443, 1151
List the prime factors of 10244570.
2, 5, 7, 31, 4721
What are the prime factors of 942560034?
2, 3, 13, 181, 66763
List the prime factors of 4091183355.
3, 5, 7, 277, 140663
What are the prime factors of 377585657?
17, 22210921
List the prime factors of 885926083.
7, 17, 7444757
What are the prime factors of 244152775?
5, 1009, 9679
What are the prime factors of 313928803?
113, 2778131
List the prime factors of 103218467.
11, 9383497
List the prime factors of 178282453.
19, 23, 407969
List the prime factors of 4119383041.
569, 607, 11927
List the prime factors of 526500283.
526500283
What are the prime factors of 71328524?
2, 17832131
List the prime factors of 106750862.
2, 53375431
What are the prime factors of 72877395?
3, 5, 4858493
What are the prime factors of 1133735082?
2, 3, 4159, 45433
List the prime factors of 1047596608.
2, 499, 32803
List the prime factors of 3446616538.
2, 41, 42031909
What are the prime factors of 147358734?
2, 3, 673, 36493
List the prime factors of 1946525584.
2, 701, 173549
What are the prime factors of 5525575783?
7, 13, 181, 335473
What are the prime factors of 1143268783?
59, 827, 23431
What are the prime factors of 777262873?
59, 107, 123121
What are the prime factors of 233692300?
2, 5, 2336923
List the prime factors of 168267666.
2, 3, 7, 17, 131, 257
What are the prime factors of 190941303?
3, 7, 1321, 6883
List the prime factors of 1818866145.
3, 5, 7213, 16811
List the prime factors of 544097748.
2, 3, 43, 617, 1709
What are the prime factors of 35420881?
35420881
List the prime factors of 979779505.
5, 3581, 54721
List the prime factors of 62239119.
3, 53, 391441
What are the prime factors of 3326704118?
2, 257, 6472187
List the prime factors of 47469275.
5, 7, 271253
What are the prime factors of 700099648?
2, 10939057
List the prime factors of 32641526.
2, 16320763
What are the prime factors of 57922291?
7, 31, 293, 911
List the prime factors of 298180231.
97, 3074023
List the prime factors of 18279180.
2, 3, 5, 173, 587
List the prime factors of 31998359.
23, 1391233
What are the prime factors of 927199885?
5, 185439977
List the prime factors of 1204644052.
2, 181, 1663873
List the prime factors of 25432243.
25432243
List the prime factors of 1391010333.
3, 3643, 127277
What are the prime factors of 11655651?
3, 7, 29, 19139
What are the prime factors of 892232672?
2, 27882271
List the prime factors of 218907464.
2, 59, 463787
List the prime factors of 1646570860.
2, 5, 11, 7484413
List the prime factors of 12423021.
3, 13, 107, 229
List the prime factors of 868408192.
2, 607, 11177
What are the prime factors of 255759039?
3, 619, 5101
List the prime factors of 8500999.
13, 19, 127, 271
List the prime factors of 91406954.
2, 997, 45841
List the prime factors of 3855534893.
7, 550790699
What are the prime factors of 72105063?
3, 199, 120779
What are the prime factors of 3380355894?
2, 3, 971, 580219
List the prime factors of 1740421427.
17, 2251, 45481
What are the prime factors of 228096030?
2, 3, 5, 7603201
List the prime factors of 455291510.
2, 5, 73, 397, 1571
What are the prime factors of 270229685?
5, 11, 19, 29, 37, 241
What are the prime factors of 120815795?
5, 24163159
What are the prime factors of 87055910?
2, 5, 19, 458189
List the prime factors of 308198868.
2, 3, 25683239
What are the prime factors of 664415505?
3, 5, 13, 17, 66809
What are the prime factors of 1368248111?
17, 83, 101, 9601
What are the prime factors of 336607299?
3, 7, 509, 3499
List the prime factors of 2064827668.
2, 23, 22443779
List the prime factors of 8657883.
3, 13, 73999
What are the prime factors of 228005270?
2, 5, 22800527
What are the prime factors of 129639945?
3, 5, 19, 61, 7457
List the prime factors of 1359890580.
2, 3, 5, 479, 47317
List the prime factors of 1863563438.
2, 11, 1213, 69833
List the prime factors of 435994901.
479, 910219
What are the prime factors of 360847865?
5, 7, 17, 37, 443
List the prime factors of 36670565.
5, 59, 197, 631
What are the prime factors of 87755855?
5, 11, 73, 1987
What are the prime factors of 40207504?
2, 67, 37507
List the prime factors of 278885075.
5, 7, 41, 47, 827
List the prime factors of 46003889.
29, 937, 1693
What are the prime factors of 335593314?
2, 3, 7, 19, 46727
List the prime factors of 3477045467.
7, 19, 31, 41, 67, 307
What are the prime factors of 230410560?
2, 3, 5, 240011
List the prime factors of 167481889.
5023, 33343
What are the prime factors of 54532985?
5, 13, 838969
What are the prime factors of 731261927?
11, 6043487
What are the prime factors of 1827261892?
2, 31, 14735983
List the prime factors of 2846508157.
83, 317, 108187
List the prime factors of 1581302018.
2, 19, 2190169
List the prime factors of 959381848.
2, 119922731
What are the prime factors of 28450517?
23, 1236979
What are the prime factors of 4274534944?
2, 17, 31, 47, 5393
What are the prime factors of 73628391?
3, 24542797
List the prime factors of 73229045.
5, 71, 206279
List the prime factors of 816372513.
3, 11, 919, 997
What are the prime factors of 1062781511?
11, 19, 5085079
What are the prime factors of 3054554856?
2, 3, 42424373
List the prime factors of 31476055.
5, 13, 683, 709
What are the prime factors of 27553881?
3, 233, 39419
List the prime factors of 683091820.
2, 5, 31, 1101761
List the prime factors of 124354732.
2, 31088683
What are the prime factors of 516045801?
3, 59, 113, 25801
What are the prime factors of 41809330?
2, 5, 43, 97231
What are the prime factors of 498454191?
3, 97, 570967
List the prime factors of 24834096.
2, 3, 7, 71, 347
What are the prime factors of 49141361?
599, 82039
What are the prime factors of 579863963?
7, 37, 97, 23081
What are the prime factors of 29303356?
2, 41, 197, 907
What are the prime factors of 128711481?
3, 173, 247999
List the prime factors of 338521401.
3, 47, 800287
List the prime factors of 69041848.
2, 8630231
What are the prime factors of 1024845380?
2, 5, 13, 853, 4621
List the prime factors of 2852152645.
5, 17, 33554737
What are the prime factors of 227582748?
2, 3, 179, 35317
What are the prime factors of 43418030?
2, 5, 4341803
What are the prime factors of 139592927?
409, 341303
List the prime factors of 387294578.
2, 11, 17, 1035547
What are the prime factors of 75733373?
19, 463, 8609
What are the prime factors of 152794720?
2, 5, 13, 73459
List the prime factors of 5632215927.
3, 13, 144415793
What are the prime factors of 194520985?
5, 38904197
List the prime factors of 461507100.
2, 3, 5, 47, 71, 461
List the prime factors of 50246338.
2, 73, 344153
What are the prime factors of 1945198244?
2, 11, 191, 231461
What are the prime factors of 1734360854?
2, 867180427
What are the prime factors of 86934535?
5, 17386907
List the prime factors of 537288827.
43, 12495089
What are the prime factors of 372240846?
2, 3, 47, 48889
What are the prime factors of 25873386?
2, 3, 7, 11, 56003
What are the prime factors of 361750742?
2, 113, 929, 1723
What are the prime factors of 158819010?
2, 3, 5, 7, 756281
What are the prime factors of 620455756?
2, 155113939
List the prime factors of 752161576.
2, 94020197
What are the prime factors of 133873188?
2, 3, 11156099
List the prime factors of 222832490.
2, 5, 541, 41189
List the prime factors of 1072912018.
2, 536456009
List the prime factors of 1019721093.
3, 12979, 26189
What are the prime factors of 640610593?
7, 19, 61, 281
List the prime factors of 3337373391.
3, 11, 41, 2466647
What are the prime factors of 3373019403?
3, 13, 19, 4551983
List the prime factors of 1839611079.
3, 43, 53, 89689
List the prime factors of 4153408937.
41, 101302657
List the